mposite number?
False
Suppose 0 = -20*q + 17*q + 4911. Is q a composite number?
False
Let u(z) = z**2 + z + 6. Suppose 0 = -4*w + 5*g + 9, 4*g + 17 = 4*w + 5. Let r be u(w). Let b = r - 17. Is b composite?
False
Is 746/3*(-9)/(-6) a prime number?
True
Suppose o + 3*o = -2*u + 7994, 0 = -5*o - 3*u + 9990. Let x = o - 1184. Is x a composite number?
True
Suppose 3*f = -12, -2*w + 0*f = -2*f - 14. Let c(x) = x**2 + 0*x + 1 + 0*x + x - w*x. Is c(-6) composite?
True
Let l(d) = -d**3 - 12*d**2 - 10*d + 13. Let a be l(-11). Let i(w) = 5 + w**2 + 2*w**2 + w**a. Is i(-7) prime?
False
Let w = -29 - -84. Is w composite?
True
Suppose -v - 4953 = -4*v. Let p = v - 762. Is p a prime number?
False
Let f(l) = l**3 - 15*l**2 + 17*l - 1. Let u be f(14). Let w = 60 - u. Is w composite?
False
Let n = -133 + 186. Is n a composite number?
False
Let m = 15 + 22. Let h = -22 + m. Is h a prime number?
False
Let x(y) = -2*y + 1. Let q(p) = -p - 6. Let d be q(-3). Let v(s) = -6*s + 4. Let a(t) = d*v(t) + 8*x(t). Is a(7) prime?
False
Suppose -5*r = 5*o - 40, 2*r = 2*o - 3*o + 14. Suppose 4*h = 2 + r. Suppose -3*s - 21 = -5*n + 3*n, -5*n + 81 = h*s. Is n a composite number?
True
Suppose 16*o = 1997 + 387. Is o prime?
True
Suppose 0 = -22*k + 25*k - 291. Is k composite?
False
Is (3 - 12/8)/((-2)/(-1028)) a prime number?
False
Suppose -30 = 4*d + 10. Let h be 1*5/(d/(-6)). Suppose l + 62 = h*l. Is l prime?
True
Is (3 + (-3 - (-16996)/(-8)))*-2 a composite number?
True
Suppose 0 = 4*h - 5*d - 476, 4*h = 7*d - 4*d + 476. Let j = h + -70. Is j prime?
False
Let q = -51 + 73. Suppose -2*c = -h + 2*h + q, 0 = 5*c - 4*h + 42. Is 4/c + (-3891)/(-15) prime?
False
Let f be 3/(-2) - (-9)/(-2). Let t be f/(-1)*(-1)/(-1). Suppose -t*n + 2*n = 5*r - 160, 5*r = -2*n + 90. Is n composite?
True
Let v = 33 + 113. Is v prime?
False
Suppose p - 2 = 6. Is 4 + -3 + 0 + p a prime number?
False
Suppose 3*u - 14 = u - f, 2*f = -2*u + 14. Is 822/14 - (-2)/u composite?
False
Let y(n) = -217*n. Is y(-1) a composite number?
True
Let k(p) be the third derivative of p**5/30 + p**4/8 + 2*p**3/3 - 2*p**2. Is k(3) a composite number?
False
Let m(f) = -f**3 + 4*f + 0*f**3 - 6*f**2 + 10 - 4*f**2. Let w be m(-9). Let r = w + 166. Is r a composite number?
False
Suppose -2*i - 65 + 17 = 0. Let w be (-90)/i - (-2)/8. Suppose 12 = w*h - 44. Is h composite?
True
Suppose 4*o = 2*c - 1878, -6316 = -5*c + 4*o - 1615. Is c prime?
True
Suppose -4*s + 5*q - 154 = 0, 3*q = -2*s + 4*s + 78. Is (-5788)/s + (-2)/(-9) prime?
False
Let u(x) be the third derivative of x**9/60480 - x**8/10080 - x**7/5040 + x**6/180 - x**5/30 - 2*x**2. Let m(c) be the third derivative of u(c). Is m(3) prime?
False
Suppose x - 19 = 5*f, -4*x + 0*x + f = 0. Is (4 - 1001)*(-2 - x) a composite number?
False
Let f(h) = -4*h**3 + h**2 + h + 3. Let s(o) = 3*o**3 - o**2 - o - 4. Let a(u) = -5*f(u) - 4*s(u). Is a(1) composite?
False
Let i(v) = v**2 + v + 13. Let p(l) = 12 + 3*l**2 - 5*l**2 + 3*l**2. Let o(h) = -5*i(h) + 6*p(h). Is o(7) a composite number?
True
Let p = 410 - -81. Is p a prime number?
True
Let g = -853 + 1194. Suppose 121 = -4*b + g. Is b composite?
True
Let v(b) = -b**3 + b**2 - 4*b - 3. Let d be v(-3). Suppose -5*s + d = 2*u - 14, 3*u = -s + 69. Is (-7)/(-2)*1*u composite?
True
Is 1017/15 + (-16)/20 prime?
True
Is 93 + 1*(-1 + 5) a composite number?
False
Let j(f) = f + 10. Let n be (11 + 1)*1/(-2). Is j(n) composite?
True
Let f be 784/(-3) + (-3)/(-9). Let n = 512 + f. Is n prime?
True
Suppose 5*n - 10 = -4*i + 6*n, -3*i + 7 = -n. Suppose t + 4 = r - 1, 4*t = -i*r + 29. Is r a prime number?
True
Suppose 0 = -l - 4*v + 2, -4*l + 0*l + 4*v = -8. Suppose n = l*n - 166. Is n a prime number?
False
Suppose 3*w + 1743 = 6*w. Is w composite?
True
Let u = -2 - -2. Suppose 0 = -l + 3, 2*c - 2*l + l - 139 = u. Is c a prime number?
True
Let n = -7 - -9. Let w = 6 - 1. Suppose -h + 69 = c - n*h, -278 = -4*c + w*h. Is c a prime number?
True
Suppose 0 = 5*l - 10*l. Let r(w) = 5 - 10*w - 1 + 1 + l. Is r(-5) prime?
False
Let f(l) = l**3 - 2*l**2 - 5. Let i be f(4). Suppose 3*r + i - 96 = 0. Is r prime?
True
Suppose -1380 = -2*i - 4*t, 3*i - 239 = 4*t + 1811. Is 10/(-55) + i/22 composite?
False
Let u(d) be the first derivative of d**3/3 + d**2/2 + 203*d + 1. Suppose -5 = -3*b - n, 5*b = 2*b - 5*n + 25. Is u(b) a composite number?
True
Suppose 0 = 3*t - 4*t + 2. Suppose -c + 24 = -4*p, -t*c + 16 = c + 2*p. Suppose 4*f + 56 = c*f. Is f prime?
False
Suppose 43 = 3*k - 500. Suppose -5*n - q + k = -3*q, -2*n + 2*q = -70. Is n composite?
False
Let f(y) = -6*y**3 + 5*y**2 - 3*y - 11. Is f(-5) prime?
False
Let f(k) = 3*k**3 - 2*k**3 - 9*k**2 - 4*k + 14*k - 10. Let g be f(8). Is 1 + g/(-9)*-51 a composite number?
True
Suppose -4*p = p + 455. Let b = -97 - -267. Let a = p + b. Is a composite?
False
Let a(l) = 5*l**2 + 19*l + 37. Let c(k) = -2*k**2 - 6*k - 12. Let f(s) = -3*a(s) - 8*c(s). Is f(11) a composite number?
False
Let x(v) = -v**2 - 16*v - 10. Suppose 0*p - 18 = -p + 3*h, -4*p - 4*h = 8. Suppose -y - 11 = -f, 3*y + p*f + 16 = -y. Is x(y) composite?
False
Let a(r) = -r**2 + 7*r - 3. Let k be a(6). Suppose p = k*p + 94. Let w = p - -73. Is w a composite number?
True
Is -1*-89*7*1 prime?
False
Let j(c) = 202*c + 1. Suppose -16 = -4*b, 0*b + 1 = 5*u - b. Is j(u) a composite number?
True
Let z = -7 + 0. Let a = 4 - z. Is a a prime number?
True
Is (-2)/(2/(-194)*1) a composite number?
True
Let v = 33 - -8. Suppose -5*y + 2*y + 297 = 0. Let a = y - v. Is a prime?
False
Let q(a) = 23*a + 82. Is q(15) prime?
False
Is 2/3 - 1477/(-3) prime?
False
Let l = -314 + 1401. Is l a composite number?
False
Let a(q) = -q**3 + q**2 - q + 236. Let b be a(0). Suppose l + b = 5*l. Is l a prime number?
True
Let o = -5 + 7. Suppose -v = 4*n - 6, o*v = -v - 4*n + 18. Is v prime?
False
Let r be (13/(-5) + 3)*15. Let c = 14 + 2. Suppose -j = r - c. Is j composite?
True
Suppose -5*v + 2 = -13. Suppose 154 = 4*n + 3*d, 0 = -2*n - 7*d + v*d + 82. Is n prime?
True
Let x = 2424 + -1600. Let k = 192 - x. Is k/(-12) + 2/6 a prime number?
True
Let s(h) = 2*h**3 - 6*h**2 - 4*h - 1. Is s(5) prime?
True
Is -1114*-2*1/4 composite?
False
Let k = 14 + -10. Is k prime?
False
Suppose -g + 3*m - 2*m = -5642, g - 5648 = 3*m. Is g a prime number?
True
Suppose -r - 2*w + w = -3, -2*w = 3*r - 9. Let i(a) = -9*a**3 + 2*a**2 + 2*a - r*a**2 - 4 + 5. Is i(-2) prime?
False
Let w(m) = m + 9. Is w(12) a prime number?
False
Suppose 0 = -8*x + 3*x + 195. Is x a composite number?
True
Let u be (-25)/(-9) + 16/72. Suppose u*a - 15 = 207. Is a prime?
False
Is (-3)/(-5) + (-91720)/(-50) a composite number?
True
Let n(s) = s**2 - 8*s + 3. Let f be n(8). Suppose -2*j - f*j + 30 = 0. Is ((-4)/j)/(4/(-18)) prime?
True
Is (191*(1 + 0))/1 a prime number?
True
Suppose 8*u = 9*u + 5. Let i(t) = -2*t**3 - 3*t**2 - 5*t + 3. Is i(u) composite?
True
Let p be (1 + 60 - 0)*6. Let s(r) = 575*r**2 + 4*r - 2. Let z be s(1). Let x = z - p. Is x prime?
True
Let s be 372/30*(2 + 8). Suppose 0 = m - j - s, -4*j - 139 = m - 2*m. Is m composite?
True
Suppose -4*b + 2*a = -2*b - 302, -4*a = b - 151. Suppose c - 35 = 3*k, c + k + b = 5*c. Let g = -17 + c. Is g composite?
True
Let c(t) = 3*t - t - 2 + 1 + t**2 + t**3. Is c(2) prime?
False
Let f = -119 - -910. Is f composite?
True
Let g(y) = 45*y + 3. Is g(4) prime?
False
Suppose 5*n - 469 - 268 = -4*y, 5*n - 716 = 3*y. Is n a prime number?
False
Suppose 4*j = f - 5, 3*f - 2*f = -2*j - 13. Let d(y) = 3*y**2 - 7*y - 5. Is d(f) prime?
True
Let s = -12 + 17. Suppose 0*o - 2*o + 293 = s*g, -5*o - 2*g + 743 = 0. Is o prime?
True
Suppose -3*j + 1245 = 2*j. Let x = j + -91. Suppose o = -o + x. Is o a composite number?
False
Suppose 5*u + 45 = -q + 527, 3*u = -q + 484. Is q prime?
True
Suppose 44*a = 47*a - 978. Is a prime?
False
Let n(g) = -179*g + 26. Is n(-9) a prime number?
True
Suppose 2909 = 7*g - 7836. Is g a prime number?
False
Let j be ((-18)/(-4))/((-1)/(-2)). Suppose -3*x - x + 5*s = -12, 3*x - j = -3*s. Is x a composite number?
False
Suppose 3*u - u = 74. Let k = u + -14. Is k a prime number?
True
Suppose 2*z = -3*d + 12, 3*z = -6*d + 2*d + 17. Suppose 0 = -z*j + 6*j - 105. Is j a composite number?
True
Is (-2)/3 + (-1315)/(-15) prime?
False
Let t(m) = -1887*m - 185. Let j(s) = -41*s - 4